{"id":9,"date":"2011-12-11T16:57:24","date_gmt":"2011-12-11T16:57:24","guid":{"rendered":"http:\/\/togs.biz\/josip\/?page_id=9"},"modified":"2014-02-12T11:08:37","modified_gmt":"2014-02-12T10:08:37","slug":"manuali","status":"publish","type":"page","link":"https:\/\/lazic.info\/josip\/page\/manuali\/","title":{"rendered":"Manuali"},"content":{"rendered":"<h4>Manuali za razne MZ motocikle<\/h4>\n<ul>\n<li><a href=\"\/josip\/manuali\/mz\/ETZ250IFAHrv\/ETZ250IFAHrv.pdf\">MZ ETZ 250, IFA<\/a>, Kompletan servisni manual za ETZ 250, na Srpsko-Hrvatskom<\/li>\n<li><a href=\"\/josip\/manuali\/mz\/ETZ250IFAHrv\/Fabriclo_uputstvo_MZ_250.pdf\">MZ ETZ 250, IFA<\/a>, Fabri\u010dko uputstvo za ETZ 250, na Srpsko-Hrvatskom<\/li>\n<li><a href=\"\/josip\/manuali\/mz\/ETZAllHysEng\/ETZAllHysEng.pdf\">MZ ETZ svi modeli, Haynes<\/a>, Service and repair manual for all ETZ models, Haynes English<\/li>\n<li><a href=\"\/josip\/manuali\/mz\/ETZ150IFAHrv\/ETZ150IFAHrv.pdf\">MZ ETZ 125\/150, IFA<\/a>, Kompletan servisni manual za ETZ 125 i 150, na Srpsko-Hrvatskom<\/li>\n<li><a href=\"\/josip\/manuali\/mz\/ETZ125-251Hrv\/ETZAllHrv.pdf\">MZ ETZ Odr\u017eavanje<\/a>, Korisni\u010dki manual za odr\u017eavanje svih ETZ modela<\/li>\n<li><a href=\"\/josip\/manuali\/mz\/TSAllSr\/TSAllSr.pdf\">MZ TS uputstva za rukovanje i odr\u017eavanje<\/a>, Korisni\u010dki manual za odr\u017eavanje svih TS modela, pribavio <a href=\"http:\/\/www.bjbikers.com\/index.php?option=com_smf&amp;Itemid=53&amp;action=profile;u=966\">MZ Rider<\/a>, s <a href=\"http:\/\/www.bjbikers.com\/index.php?option=com_smf&amp;Itemid=53\">BJBikers foruma<\/a>.<\/li>\n<\/ul>\n<p>Sve MZ manuale koje \u0107ete prona\u0107i ovdje je skenirao Damir Mihali\u010dka, osje\u010dki MZ zaljubljenik. Prila\u017eem ovdje i njegov originalni <a href=\"\/josip\/manuali\/mz\/ProcitajMe.txt\">Pro\u010ditajMe.txt<\/a><\/p>\n<h4>Manuali za Yamaha XT motocikle<\/h4>\n<ul>\n<li><a href=\"\/josip\/manuali\/yamaha\/xt550\/YamahaXT550Manual1.pdf\">Yamaha XT550 Part 1<\/a><\/li>\n<li><a href=\"\/josip\/manuali\/yamaha\/xt550\/YamahaXT550Manual2.pdf\">Yamaha XT550 Part 2<\/a><\/li>\n<li><a href=\"\/josip\/manuali\/yamaha\/xt600e\/YamahaXT600Manual.pdf\">Service manual for Yamaha XT600E 1991 &#8211; 1995<\/a><\/li>\n<li><a href=\"\/josip\/manuali\/yamaha\/xt600z_1vj\/Yamaha_XT_600Z_Tenere_1VJ_1985_1987.pdf\">Service manual for Yamaha XT600Z Tenere 1VJ<\/a><\/li>\n<\/ul>\n","protected":false},"excerpt":{"rendered":"<p>Manuali za razne MZ motocikle MZ ETZ 250, IFA, Kompletan servisni manual za ETZ 250, na Srpsko-Hrvatskom MZ ETZ 250, IFA, Fabri\u010dko uputstvo za ETZ 250, na Srpsko-Hrvatskom MZ ETZ svi modeli, Haynes, Service and repair manual for all ETZ models, Haynes English MZ ETZ 125\/150, IFA, Kompletan servisni manual za ETZ 125 i 150, [&hellip;]<\/p>\n<div class=\"clearfix text-center more-button\"><a href=\"https:\/\/lazic.info\/josip\/page\/manuali\/\" class=\"btn btn-success\">Continue reading<\/a><\/div>","protected":false},"author":1,"featured_media":0,"parent":0,"menu_order":0,"comment_status":"closed","ping_status":"closed","template":"","meta":{"footnotes":""},"class_list":["post-9","page","type-page","status-publish","hentry"],"_links":{"self":[{"href":"https:\/\/lazic.info\/josip\/wp-json\/wp\/v2\/pages\/9","targetHints":{"allow":["GET"]}}],"collection":[{"href":"https:\/\/lazic.info\/josip\/wp-json\/wp\/v2\/pages"}],"about":[{"href":"https:\/\/lazic.info\/josip\/wp-json\/wp\/v2\/types\/page"}],"author":[{"embeddable":true,"href":"https:\/\/lazic.info\/josip\/wp-json\/wp\/v2\/users\/1"}],"replies":[{"embeddable":true,"href":"https:\/\/lazic.info\/josip\/wp-json\/wp\/v2\/comments?post=9"}],"version-history":[{"count":0,"href":"https:\/\/lazic.info\/josip\/wp-json\/wp\/v2\/pages\/9\/revisions"}],"wp:attachment":[{"href":"https:\/\/lazic.info\/josip\/wp-json\/wp\/v2\/media?parent=9"}],"curies":[{"name":"wp","href":"https:\/\/api.w.org\/{rel}","templated":true}]}}